.
212
Calculate the remainder when 44726584 is divided by 278.
276
What is the remainder when 139480 is divided by 17418?
136
What is the remainder when 160904 is divided by 7299?
326
Calculate the remainder when 1513928 is divided by 378461.
84
Calculate the remainder when 685129 is divided by 763.
718
What is the remainder when 49215 is divided by 3115?
2490
Calculate the remainder when 14113774 is divided by 3584.
3566
What is the remainder when 385355 is divided by 425?
305
Calculate the remainder when 217648 is divided by 4855.
4028
Calculate the remainder when 95756 is divided by 29.
27
Calculate the remainder when 184458 is divided by 182593.
1865
Calculate the remainder when 69526825 is divided by 157.
3
What is the remainder when 162933 is divided by 3138?
2895
Calculate the remainder when 824007 is divided by 113.
11
What is the remainder when 400942 is divided by 36?
10
What is the remainder when 185874403 is divided by 1161715?
3
Calculate the remainder when 9401788 is divided by 625.
538
Calculate the remainder when 663488 is divided by 7707.
686
What is the remainder when 158949 is divided by 4445?
3374
What is the remainder when 93131 is divided by 2438?
487
What is the remainder when 15308961 is divided by 953?
922
Calculate the remainder when 9362 is divided by 189.
101
What is the remainder when 12046183 is divided by 6023080?
23
What is the remainder when 1534590 is divided by 476?
442
Calculate the remainder when 310797 is divided by 155087.
623
Calculate the remainder when 68636 is divided by 32929.
2778
What is the remainder when 6921906 is divided by 20479?
4
What is the remainder when 26963066 is divided by 22?
20
Calculate the remainder when 1024543 is divided by 4926.
4861
What is the remainder when 5193 is divided by 180?
153
Calculate the remainder when 781809 is divided by 3924.
933
Calculate the remainder when 3625574 is divided by 6.
2
Calculate the remainder when 287674 is divided by 298.
104
Calculate the remainder when 9150261 is divided by 222.
87
What is the remainder when 8876223 is divided by 67?
63
Calculate the remainder when 1407565 is divided by 131.
101
Calculate the remainder when 347358 is divided by 130.
128
Calculate the remainder when 279651 is divided by 7557.
42
What is the remainder when 60707609 is divided by 2492?
2489
What is the remainder when 46296315 is divided by 16?
11
Calculate the remainder when 81904 is divided by 20329.
588
Calculate the remainder when 610609 is divided by 60801.
2599
What is the remainder when 65213177 is divided by 8380?
17
Calculate the remainder when 103712 is divided by 14269.
3829
What is the remainder when 228899319 is divided by 642?
639
What is the remainder when 372636 is divided by 1183?
1174
Calculate the remainder when 110660893 is divided by 784829.
4
Calculate the remainder when 2834407 is divided by 202453.
65
What is the remainder when 71882 is divided by 989?
674
What is the remainder when 137728749 is divided by 45909582?
3
Calculate the remainder when 1168528 is divided by 3540.
328
Calculate the remainder when 297452 is divided by 99137.
41
What is the remainder when 5652 is divided by 1014?
582
Calculate the remainder when 117913 is divided by 58435.
1043
Calculate the remainder when 15935763 is divided by 2042.
2037
Calculate the remainder when 881774 is divided by 162.
8
Calculate the remainder when 4927671 is divided by 193.
188
Calculate the remainder when 160315 is divided by 6357.
1390
Calculate the remainder when 226724 is divided by 4637.
4148
Calculate the remainder when 874340 is divided by 109285.
60
What is the remainder when 2192802 is divided by 12462?
11952
Calculate the remainder when 2764334 is divided by 245.
244
Calculate the remainder when 2546497 is divided by 109.
39
Calculate the remainder when 1320961 is divided by 29.
11
What is the remainder when 3528295 is divided by 51?
13
What is the remainder when 2198248 is divided by 274776?
40
What is the remainder when 2785991 is divided by 132?
131
What is the remainder when 1107751 is divided by 3365?
666
What is the remainder when 212677305 is divided by 1475?
5
Calculate the remainder when 14698 is divided by 2173.
1660
What is the remainder when 21452 is divided by 10548?
356
What is the remainder when 1561312 is divided by 1561292?
20
What is the remainder when 653581954 is divided by 13?
12
Calculate the remainder when 97424 is divided by 32399.
227
Calculate the remainder when 17513778 is divided by 418.
414
What is the remainder when 40403727 is divided by 191?
160
Calculate the remainder when 80921 is divided by 3998.
961
What is the remainder when 4227053 is divided by 155?
48
Calculate the remainder when 4220563 is divided by 3390.
13
Calculate the remainder when 570003 is divided by 17806.
211
Calculate the remainder when 3679053 is divided by 174.
171
What is the remainder when 6543972 is divided by 1090646?
96
Calculate the remainder when 48726059 is divided by 3301.
3299
What is the remainder when 7552086 is divided by 72616?
22
What is the remainder when 629701 is divided by 13063?
2677
Calculate the remainder when 1833217 is divided by 161.
71
Calculate the remainder when 3345777 is divided by 22.
17
Calculate the remainder when 101969 is divided by 50940.
89
What is the remainder when 6035750 is divided by 46?
44
What is the remainder when 5530691 is divided by 5088?
35
What is the remainder when 867764 is divided by 132?
128
What is the remainder when 23612478 is divided by 312?
6
What is the remainder when 4031351 is divided by 333?
53
Calculate the remainder when 12587673 is divided by 29.
20
What is the remainder when 3525275 is divided by 380?
15
What is the remainder when 21612163 is divided by 157753?
2
Calculate the remainder when 408740 is divided by 524.
20
What is the remainder when 3996180 is divided by 558?
342
Calculate the remainder when 6858179 is divided by 39.
29
What is the remainder when 82645 is divided by 4433?
2851
Calculate the remainder when 28482 is divided by 3558.
18
Calculate the remainder when 2194665 is divided by 548639.
109
Calculate the remainder when 6155789 is divided by 2566.
2521
Calculate the remainder when 1385255 is divided by 57717.
47
What is the remainder when 197275 is divided by 196250?
1025
What is the remainder when 252935 is divided by 5744?
199
Calculate the remainder when 21303854 is divided by 1145.
1129
What is the remainder when 11257 is divided by 142?
39
Calculate the remainder when 20010184 is divided by 9.
7
What is the remainder when 2252431 is divided by 952?
951
Calculate the remainder when 173008 is divided by 4408.
1096
Calculate the remainder when 26975002 is divided by 1191.
43
What is the remainder when 16812 is divided by 1180?
292
Calculate the remainder when 1760945 is divided by 11216.
33
What is the remainder when 16792172 is divided by 3760?
12
Calculate the remainder when 1503805 is divided by 14888.
117
What is the remainder when 465593 is divided by 464916?
677
Calculate the remainder when 1563062 is divided by 223292.
18
What is the remainder when 15387 is divided by 87?
75
Calculate the remainder when 2656346 is divided by 724.
714
Calculate the remainder when 24892047 is divided by 68011.
21
Calculate the remainder when 1618869 is divided by 1193.
1161
What is the remainder when 4469 is divided by 3403?
1066
What is the remainder when 434038 is divided by 720?
598
What is the remainder when 3223823 is divided by 1251?
1247
What is the remainder when 135311 is divided by 65963?
3385
Calculate the remainder when 17729346 is divided by 306.
12
What is the remainder when 249648 is divided by 1444?
1280
What is the remainder when 630345 is divided by 7782?
3
Calculate the remainder when 47392172 is divided by 312.
308
Calculate the remainder when 4169394 is divided by 1389797.
3
Calculate the remainder when 1058619 is divided by 4643.
15
What is the remainder when 949974 is divided by 5828?
10
Calculate the remainder when 2029808 is divided by 454.
428
What is the remainder when 11876819 is divided by 1187679?
29
What is the remainder when 1204328 is divided by 7?
6
What is the remainder when 113367 is divided by 406?
93
What is the remainder when 173122 is divided by 99?
70
Calcul